339. Calculate x(14).
25
Let m(a) = 5*a**3 + 20*a**2 - 7*a - 22. Calculate m(-4).
6
Let m(z) = -3*z**3 + 41*z**2 + 15*z + 7. Calculate m(14).
21
Let p(a) = 3*a**2 + 38*a + 33. Calculate p(-8).
-79
Let v(w) = -w**3 + 8*w**2 - 20*w - 4. Give v(5).
-29
Let l(x) = -5*x**3 + x**2 - 5*x - 8. What is l(-3)?
151
Let z(y) = 2*y**2 + 82*y + 60. What is z(-41)?
60
Let f(a) = -a**2 - 110*a + 327. Give f(3).
-12
Let r(o) = -o**2 - 22*o + 2898. Calculate r(44).
-6
Let l(r) = r**2 - 20*r + 136. Determine l(21).
157
Let k(q) = -q**2 + 117*q + 1992. Calculate k(-15).
12
Let l(z) = -z**3 - 22*z**2 + z - 8. What is l(-22)?
-30
Let f(x) = x**2 - 13*x - 644. Give f(33).
16
Let a(l) = -15*l - 1278. Give a(-84).
-18
Let u(h) = -h**3 + 82*h**2 + 923*h + 29. Determine u(-10).
-1
Let d(b) = 6*b**2 + 9*b - 9. Calculate d(2).
33
Let a(l) = -l**3 - 3*l**2 + 15*l - 17. Calculate a(-6).
1
Let p(q) = q**2 - 23*q - 212. Give p(-7).
-2
Let l(o) = -3*o**2 + 36*o + 297. Give l(18).
-27
Let h(s) = -49*s - 1383. Calculate h(-28).
-11
Let l(r) = 42*r - 1235. What is l(29)?
-17
Let j(h) = 173*h**3 + h**2 - 29*h - 29. What is j(-1)?
-172
Let i(q) = -111*q + 2528. Give i(23).
-25
Let u(m) = -20*m - 345. Calculate u(-20).
55
Let t(a) = -203*a + 355. Determine t(2).
-51
Let p(c) = 9*c**2 + 85*c - 94. Calculate p(-11).
60
Let s(h) = -h**3 - 7*h**2 + 57*h + 335. What is s(-9)?
-16
Let m(q) = q**2 - 95*q + 356. Determine m(91).
-8
Let i(f) = 4*f**3 - 3*f**2 - 5*f - 2. What is i(2)?
8
Let o(w) = -54*w - 276. Give o(-6).
48
Let m(b) = -3*b + 74. Determine m(-27).
155
Let i(k) = k**3 + 11*k**2 + 35*k + 30. What is i(-6)?
0
Let z(c) = 23*c - 14. What is z(-5)?
-129
Let z(a) = a**2 - 293*a + 4150. Calculate z(15).
-20
Let k(w) = 6*w**2 + 13*w + 37. Determine k(-4).
81
Let p(o) = -2*o**3 + 11*o**2 + 88*o - 302. Determine p(3).
7
Let p(k) = k**3 - 13*k**2 + 63*k - 317. Determine p(10).
13
Let d(v) = -1557*v + 17130. Give d(11).
3
Let u(t) = 11*t**2 - 101*t - 412. What is u(-4)?
168
Let k(d) = -21*d + 852. Determine k(40).
12
Let i(w) = -35*w + 3664. Calculate i(105).
-11
Let i(q) = -2*q**3 - 3*q**2 - q - 9. What is i(4)?
-189
Let r(b) = 73*b - 1732. Calculate r(24).
20
Let v(g) = g**3 + 19*g**2 + 128*g - 5. Determine v(-14).
-817
Let j(k) = -38525*k + 77047. Give j(2).
-3
Let n(z) = 7*z**2 - 43*z - 45. What is n(9)?
135
Let x(k) = -22*k - 349. What is x(9)?
-547
Let w(q) = -q**3 + 12*q**2 - 8*q - 101. Give w(7).
88
Let c(s) = 5*s**3 + 11*s**2 + 11*s + 10. Calculate c(-4).
-178
Let w(q) = q**2 + 46*q + 510. Calculate w(-22).
-18
Let n(h) = 80*h + 1219. Give n(-16).
-61
Let b(a) = -a**3 - 22*a**2 - 116*a. Determine b(-13).
-13
Let d(b) = 11*b**3 - b**2 - 7*b - 31. What is d(0)?
-31
Let d(p) = 20*p**2 - 939*p - 43. What is d(47)?
4
Let c(o) = -1555*o + 10883. Determine c(7).
-2
Let q(b) = 38*b + 406. Determine q(-11).
-12
Let a(u) = 113*u + 4873. Calculate a(-43).
14
Let q(m) = m**3 - 6*m**2 - 2*m + 27. Determine q(6).
15
Let l(t) = 3*t**3 - 25*t**2 - 20*t - 92. What is l(10)?
208
Let o(g) = 2692*g + 2689. What is o(-1)?
-3
Let d(o) = 4*o**2 - 10*o + 43. What is d(5)?
93
Let r(j) = 2*j**2 - 11*j - 31. Determine r(9).
32
Let s(m) = 2*m**2 - 184*m - 1356. Give s(-7).
30
Let u(r) = -19*r + 58. What is u(2)?
20
Let y(o) = -o**2 - 19*o - 13. Give y(-9).
77
Let w(v) = -v**2 - 47*v - 302. Calculate w(-8).
10
Let z(o) = 15*o**2 + 5421*o + 2174. What is z(-361)?
8
Let d(w) = -26*w**2 + 54*w - 7. Determine d(0).
-7
Let y(q) = q**2 + 738*q + 2937. Calculate y(-4).
1
Let k(i) = -321*i - 2576. Give k(-8).
-8
Let l(a) = -a**2 - 441*a - 5. What is l(0)?
-5
Let t(y) = 2*y**2 - 28*y + 28. Give t(9).
-62
Let w(b) = -2*b**3 - 20*b**2 - 3*b + 108. Determine w(2).
6
Let a(i) = -20*i**2 + 189*i + 345. Determine a(11).
4
Let l(d) = -d - 4. Calculate l(10).
-14
Let b(m) = 3*m**2 - 594*m + 1771. What is b(3)?
16
Let n(x) = 54*x**2 - 121*x - 12. Give n(2).
-38
Let v(j) = 5*j**3 + 35*j**2 - 3*j - 11. Calculate v(-7).
10
Let t(s) = -10*s**2 - 84*s - 145. Give t(-3).
17
Let q(n) = -2*n**3 + 4*n**2 + 8*n + 7. What is q(6)?
-233
Let j(c) = 5*c**2 - 6*c - 256. Give j(-10).
304
Let a(q) = q**2 + 97*q - 1066. Give a(10).
4
Let l(c) = 17*c + 85. Calculate l(-4).
17
Let l(t) = 3*t**3 + 22*t**2 - 25*t - 51. Give l(-8).
21
Let k(g) = -g**2 + 3*g + 52. Determine k(8).
12
Let x(h) = -65*h - 1681. What is x(-26)?
9
Let t(x) = -7*x**2 + 648*x - 360. Calculate t(92).
8
Let b(k) = -2*k**3 - 7*k**2 + 13*k + 72. What is b(-5)?
82
Let u(r) = -9*r**2 + 41*r + 566. Calculate u(-6).
-4
Let h(b) = b**3 + 38*b**2 - 9*b - 343. Determine h(-38).
-1
Let a(s) = s**3 - 7*s**2 - 179*s + 1488. Calculate a(10).
-2
Let s(h) = 24*h + 251. Determine s(-12).
-37
Let h(x) = x**3 - 76*x**2 - 302*x - 1432. Give h(80).
8
Let n(l) = 254*l - 141. Give n(2).
367
Let v(b) = -2*b**3 + 33*b**2 - 53*b - 229. What is v(14)?
9
Let r(n) = 8*n**2 - 2444*n + 13203. What is r(300)?
3
Let y(g) = -g**3 + 9*g**2 - 65*g + 225. Calculate y(5).
0
Let f(y) = y**3 + 114*y**2 - 17*y + 24953. What is f(-116)?
13
Let z(j) = -13*j - 183. Give z(21).
-456
Let x(c) = c**2 + 31*c + 66. Give x(-13).
-168
Let h(c) = 3*c**2 - 383*c - 3714. What is h(-9)?
-24
Let v(h) = -13*h**2 - 160*h - 287. What is v(-10)?
13
Let b(d) = -6*d**2 - 196*d + 79. Calculate b(-33).
13
Let o(a) = -a**3 - 13*a**2 - 22*a + 67. What is o(-8)?
-77
Let u(z) = 6*z**2 - 5*z - 72. Determine u(-4).
44
Let s(n) = -146*n - 1423. Calculate s(-10).
37
Let z(w) = -w**2 - 8*w - 16. Give z(-9).
-25
Let k(p) = -p**2 + 731*p - 9338. What is k(13)?
-4
Let l(v) = 75*v + 821. What is l(-17)?
-454
Let z(p) = 7*p**2 + 6*p - 167. Calculate z(-9).
346
Let f(i) = i**3 + 27*i**2 - 205*i - 242. Give f(-33).
-11
Let p(z) = z**3 + 12*z**2 - 7*z + 81. Determine p(-13).
3
Let b(k) = k**2 - k - 74. What is b(-8)?
-2
Let q(y) = -25*y**2 + 27. What is q(-4)?
-373
Let j(s) = -18*s**2 - 138*s - 135. Give j(-1).
-15
Let j(u) = -u**2 + 28*u - 47. Determine j(0).
-47
Let w(z) = -5*z**2 - 788*z - 1243. Determine w(-156).
5
Let l(c) = -c**3 + 4*c**2 + 4*c - 15. What is l(2)?
1
Let n(b) = 4923*b - 29530. Determine n(6).
8
Let c(a) = -a**3 + 21*a**2 + 162*a + 2. Give c(-6).
2
Let u(v) = -v**2 + 26*v + 1199. Calculate u(49).
72
Let x(p) = -p**3 - 14*p**2 + 39*p - 139. Calculate x(-17).
65
Let v(i) = -i**3 - 98*i**2 - 638*i - 84. Determine v(-91).
7
Let x(r) = r**3 + 190*r**2 + 727*r - 3170. What is x(-186)?
-8
Let l(i) = -40*i**3 - 679*i**2 + 9*i - 116. Give l(-17).
20
Let v(s) = -54*s - 2691. What is v(-50)?
9
Let s(x) = -173*x**2 + 4*x - 2. What is s(1)?
-171
Let l(k) = 921*k - 7347. Determine l(8).
21
Let u(b) = -b**3 - 31*b**2 - 58*b - 3. Calculate u(-29).
-3
Let n(a) = 3*a**3 - 121*a**2 + 53*a - 522. What is n(40)?
-2
Let b(n) = -3*n**3 - 5*n**2 + 10*n - 14. What is b(2)?
-38
Let b(u) = 10*u**3 + 44*u**2 + 55*u + 10. Determine b(-1).
-11
Let g(i) = 1544*i + 1550. What is g(-1)?
6
Let o(t) = 6*t**2 + 79*t - 546. What is o(6)?
144
Let h(y) = -16*y**2 + 18*y - 9. Give h(1).
-7
Let l(t) = -86*t + 1888. What is l(21)?
82
Let x(d) = 372*d + 36079. Determine x(-97).
-5
Let q(z) = -6*z**2 + 181*z + 835. Give q(-4).
15
Let j(a) = -a**3 - 11*a**2 - 7*a - 32. What is j(-10)?
-62
Let b(m) = m**2 - 2*m - 89. Calculate b(0).
-89
Let x(d) = d**2 - 35*d + 243. Calculate x(10).
-7
Let c(v) = -21*v + 1116. What is c(54)?
-18
Let m(s) = -43*s - 2064. What is m(-48)?
0
Let u(a) = 47*a**2 - 8*a + 26. Give u(-1).
81
Let u(g) = -111*g + 421. Determine u(4).
-23
Let r(l) = -l**3 - 26*l**2 - 48*l - 42. What is r(-24)?
-42
Let o(f) = 4*f + 157. What is o(-7)?
129
Let w(k) = -34*k - 4955. What is w(-146)?
9
Let b(s) = 50*s - 3694. Determine b(74).
6
Let g(v) = -v**2 + 12*v + 5. Determine g(13).
-8
Let u(n) = -1068*n - 6393. Calculate u(-6).
15
Let m(a) = a**3 + 19*a**2 + 15*a - 500. Determine m(-17).
-177
Let a(m) = 513*m + 456. What is a(-1)?
-57
Let w(s) = -64*s + 721. Give w(9).
145
Let g(m) = -52*m - 920. What is g(-18)?
16
Let t(r) = -55*r**2 + 390*r - 48. Give t(7).
-13
Let c(v) = -4*v - 45. Determine c(-17).
23
Let b(t) = t**2 + 166*t - 5203. Give b(27).
8
Let v(k) = 68*k + 3. Give v(2).
139
Let b(x) = -23*x**2 + 4139*x + 209. Calculate b(180).
29
Let t(r) = -r**2 + 28*r + 973. What is t(48)?
13
Let a(y) = -y**2 + 35. What is a(-7)?
-14
Let s(o) = -7223*o - 21671. Give s(